ainder when 73 is divided by q?
8
Suppose -b - 275 = -6*b. Calculate the remainder when b is divided by -1*-1*(-14 - -27).
3
Let w(d) = -14*d - 1. Let l = 115036 + -114987. Calculate the remainder when l is divided by w(-1).
10
Suppose -96 = -4*b - 2*n, 66*b - 64*b + 3*n - 60 = 0. Suppose w - 511 = -5*r, 0 = -5*r - 2*w + 42 + 465. Calculate the remainder when r is divided by b.
19
Let h(x) = x**3 - 4*x**2 - x + 444. Let w be h(0). Suppose 3*y + w = 9*y. Calculate the remainder when y is divided by 17.
6
Suppose 11*r = -16*r. Suppose -3*y = 5*d - 97, r = 3*d - 8*d - 5*y + 105. Calculate the remainder when 148 is divided by d.
12
Let p(t) = t**3 - t**2 - 4*t + 4. Suppose -3*s - s + 4*y - 276 = 0, -s + 4*y = 69. Calculate the remainder when 2*s/12*-2 is divided by p(3).
3
Suppose q + v - 144 = 0, 5*q = 4*v + 415 + 269. Let i = -125 + q. What is the remainder when 72 is divided by i?
12
Let r(j) = -10*j**2 - 204*j + 140. Calculate the remainder when 2635 is divided by r(-20).
215
Suppose 17*m = 84*m - 73888 + 322. Calculate the remainder when m is divided by 161.
132
Let r(l) = 4*l**2 + 224*l - 2315. What is the remainder when r(10) is divided by 161?
3
What is the remainder when ((-33)/(-4))/(159/4240) is divided by 117?
103
Suppose 3 = 9*m - 24. Suppose m*n + n - 3*r = -226, -4*n - 238 = 3*r. Let q = n + 102. What is the remainder when q is divided by 15?
14
Suppose -7*a + 2*a - 5*c - 15 = 0, -12 = 4*a + 5*c. Suppose 4*g - 3*g = 6. Calculate the remainder when (-242)/(-77)*(10 + a) is divided by g.
4
Let b = 65 - 63. Suppose p - 8*d - 8 = -5*d, -5*p + b*d = -27. Suppose -15 = -p*c, 0*c - 47 = -v - 3*c. What is the remainder when 189 is divided by v?
37
Suppose 0 = -42*k + 234 + 190 - 88. Calculate the remainder when 353 is divided by k.
1
Suppose 0*a - 203*a + 812 = 0. Calculate the remainder when 338 is divided by a.
2
Let l = -387 + 395. Calculate the remainder when (-804)/(-15) + 4/10 is divided by l.
6
Let a(r) = 13*r**2 + 211*r + 56. Calculate the remainder when 5053 is divided by a(-16).
5
Suppose -29*f + 221 = -86 - 157. What is the remainder when 2013 is divided by f?
13
Let g be 8*((-207)/6 + -3). Let h = g + 329. Calculate the remainder when 42 is divided by h.
13
Let i = -219 - -223. What is the remainder when 2030/63 + (8/(-9))/i is divided by 13?
6
Let b = 39 - 36. Let n be 1 + (-39)/(b - 4). Suppose -h = 3*h - n. What is the remainder when 39 is divided by h?
9
Let g(i) = -i**2 + 61*i - 207. Let z = -286 + 1380. What is the remainder when z is divided by g(56)?
72
Let r = -199 - -204. Suppose 0 = -r*v + 3*j + 207, 5*j - 120 + 101 = -v. Let y(x) = 3*x**3 - 4*x**2 + 2*x + 2. What is the remainder when v is divided by y(2)?
11
What is the remainder when (236/16)/((-1)/184)*3/(-6) is divided by 49?
34
Let d = 72 - -228. Let a = d - 256. Suppose -2*j + 5*j - 48 = 0. What is the remainder when a is divided by j?
12
Suppose 99*i - 43*i - 830811 = 448061. What is the remainder when i is divided by 38?
37
Suppose -36*s + 24040 - 5392 = 0. What is the remainder when s is divided by 15?
8
Let b(s) = 18*s**2 - 69*s + 20. Calculate the remainder when b(-3) is divided by 13.
12
Let y = 18772 + -17607. What is the remainder when y is divided by 195?
190
Suppose 0 = 2*d - 4*d + 38. Let i = 50 - 45. Suppose -3*v = -5*a - 46, -4*a - 23 = -i*v + 32. Calculate the remainder when d is divided by v.
5
Let m = 69 + -38. Suppose 0 = -m*c + 37*c - 84. Calculate the remainder when 54 is divided by c.
12
Let o(h) = h**3 + 8*h**2 + 4*h + 10. Suppose -n - 457 = -5*s, -5*s + 362 = 3*n - 107. Calculate the remainder when s is divided by o(-7).
30
Let i = 369 + -204. Suppose 0 = -2*l + 225 - i. Calculate the remainder when l is divided by 17.
13
Let m = -3811 + 3993. What is the remainder when 192 is divided by m?
10
Let y(k) = -k**2 - 10*k + 28. Let f be ((-8)/16 - -6)*(0 + -2). Suppose 5*s = -i + 6, -i + 2*i + 3*s - 6 = 0. What is the remainder when y(f) is divided by i?
5
Let b be 0/(6/(-15) - (-12)/5). Calculate the remainder when 47 is divided by 3 + 2 + (b - 1) + 3.
5
Let b = 11371 + -10702. What is the remainder when b is divided by 138?
117
Let a be (-1)/3 - (-4)/(-6). Suppose -270 - 60 = -6*g. Calculate the remainder when g is divided by a/(1 + 87/(-84)).
27
Let o = -11402 - -11635. Calculate the remainder when 6986 is divided by o.
229
Let v = 5424 + -5095. Calculate the remainder when 1005 is divided by v.
18
Let o(v) = 600*v + 1312. What is the remainder when 227 is divided by o(-2)?
3
Let c = 57053 + -57020. Calculate the remainder when 0 + 0 - 489/(-3) is divided by c.
31
Suppose -3*n + 10*x - 9*x = -34337, -57487 = -5*n - 63*x. Calculate the remainder when n is divided by 229.
226
Let m(f) = 9*f**2 - 16*f - 50. Calculate the remainder when 2921 is divided by m(-3).
77
Suppose 14*m = 16851 - 3145. Calculate the remainder when m is divided by 14.
13
Let i = 285 - 52. Suppose -2*r = i - 5. What is the remainder when (1 - 0)/((-3)/3) - r is divided by 29?
26
Suppose -3*y - 273 = -0*y. Let a(q) = q**3 + 26*q**2 + 22*q + 24. Let s be a(-25). Let t = y + s. What is the remainder when 12 is divided by t?
4
Let t = 168 - 85. Suppose 2*m - 221 = t. Let g = m - 18. What is the remainder when g is divided by 17?
15
Let p = -5 - -9. Let x(y) = -2*y**2 - 37*y - 62. Let q be x(-2). Calculate the remainder when 22 is divided by q/14 - (p + 328/(-28)).
6
Let x(l) = -115*l + 7938. Calculate the remainder when x(63) is divided by 50.
43
Suppose -5256 = -4*o - 4*x, -876*o = -879*o + 2*x + 3917. What is the remainder when o is divided by 33?
22
Suppose 2*k + 2*t - 38 = 0, 51 = -0*k + 3*k - 3*t. Let l be (60/k)/((-4)/(-6)). Suppose -l*w + 6*w = 45. Calculate the remainder when w is divided by 17.
11
Suppose 46*i = 4591 + 3643. Suppose 2*g + 85 - i = 0. Calculate the remainder when g is divided by 26.
21
Let g = 3585 + -3575. What is the remainder when 1098 is divided by g?
8
Let z = -9018 + 9186. Calculate the remainder when 726 is divided by z.
54
Suppose 5*i - 12 = i. Suppose 4*n - 16 = 2*h, -i*n + 5*h + 37 = 11. What is the remainder when 13 is divided by n?
1
Suppose 75 - 343 = -4*h. Let x = h - 134. Let c = x - -94. Calculate the remainder when c is divided by 15.
12
Suppose 8*m = 3*m + 220. Let p = m + -36. Suppose -4*u + 5*z = -p, 0*u - 3*u + 4*z + 6 = 0. Calculate the remainder when 3 is divided by u.
1
Suppose 0 = -128*y + 95*y + 2178. Calculate the remainder when y is divided by 27.
12
Suppose -9*h = 12 - 390. What is the remainder when 712 is divided by h?
40
Let t be 9/((-36)/32) + 3/1. Let w = t + -6. What is the remainder when (-9 - w)*1*49 is divided by 20?
18
Let l(j) = -11 + 15 - 27 - 3 - 25 + 4*j. What is the remainder when 88 is divided by l(15)?
7
Let u(g) = 3*g**2 + 5*g + 5. Let q = -623 - -617. What is the remainder when (-90)/15 + (-420)/q is divided by u(-4)?
31
Suppose 2 = 3*j - 10*w + 5*w, 0 = -w + 5. Suppose 171 = -9*f + 423. What is the remainder when f is divided by -3*(-6)/j + 13?
13
Let t(q) = 78*q - 3040. What is the remainder when 41/13 + (-8)/52 is divided by t(39)?
1
Let u(i) = -i**2 + 2. Let y be u(-1). Let n(b) = b - 2292. Let z be n(0). Calculate the remainder when z/(-28) - y/(-7) is divided by 22.
16
Let g = -4311 + 4998. Calculate the remainder when g is divided by 84.
15
Let a(r) = 12*r + 3. Suppose 5*k + 0*k = 2*q + 10, -4*k + 8 = 3*q. Let h be a(k). What is the remainder when 12 is divided by (h/(-36))/(5/(-12))*5?
3
Let n(r) = -259*r - 1501. What is the remainder when n(-22) is divided by 300?
297
Suppose x = 8 + 23. Let p = -5119 - -5141. Calculate the remainder when x is divided by p.
9
Let v = 274 + -205. Suppose 0 = j - 4*w - 349 - 1162, -4*j + 2*w = -6058. What is the remainder when j is divided by v?
66
Suppose -4*i - 5*r + 3551 = -3704, -1820 = -i + 5*r. Calculate the remainder when i is divided by 18.
15
Let o(n) = n**2 - 6*n - 84. Let t be o(-10). Suppose -4*f = -h - 152, 3*h - t = -6*f + 4*f. Calculate the remainder when 112 is divided by f.
36
Suppose -5*l + 1427 = 7*t - 3*t, 297 = l - 5*t. Let o = 295 - l. Calculate the remainder when 44 is divided by o.
4
Suppose -88*c + 82*c = -138. Suppose x + 23 = -5*l, -5*l - 6*x - 17 = -2*x. Let g = 3 - l. What is the remainder when c is divided by g?
7
Calculate the re